inder when 126 is divided by 22?
16
Calculate the remainder when 315 is divided by 78.
3
Calculate the remainder when 107 is divided by 12.
11
Calculate the remainder when 3 is divided by 1.
0
Calculate the remainder when 2274 is divided by 35.
34
Calculate the remainder when 269 is divided by 92.
85
What is the remainder when 71 is divided by 5?
1
What is the remainder when 143 is divided by 10?
3
What is the remainder when 3791 is divided by 211?
204
Calculate the remainder when 107 is divided by 24.
11
What is the remainder when 4208 is divided by 283?
246
Calculate the remainder when 1255 is divided by 115.
105
What is the remainder when 4726 is divided by 46?
34
What is the remainder when 251 is divided by 6?
5
What is the remainder when 835 is divided by 93?
91
What is the remainder when 126 is divided by 24?
6
Calculate the remainder when 547 is divided by 179.
10
Calculate the remainder when 356 is divided by 40.
36
What is the remainder when 256 is divided by 10?
6
What is the remainder when 597 is divided by 68?
53
What is the remainder when 5244 is divided by 42?
36
Calculate the remainder when 2726 is divided by 14.
10
What is the remainder when 143 is divided by 30?
23
Calculate the remainder when 8 is divided by 3.
2
Calculate the remainder when 89 is divided by 19.
13
What is the remainder when 1490 is divided by 160?
50
Calculate the remainder when 30082 is divided by 69.
67
Calculate the remainder when 154 is divided by 43.
25
What is the remainder when 1637 is divided by 205?
202
What is the remainder when 64 is divided by 21?
1
What is the remainder when 272 is divided by 39?
38
Calculate the remainder when 156 is divided by 22.
2
Calculate the remainder when 4117 is divided by 58.
57
What is the remainder when 1571 is divided by 157?
1
What is the remainder when 609 is divided by 10?
9
Calculate the remainder when 22718 is divided by 160.
158
What is the remainder when 802 is divided by 67?
65
Calculate the remainder when 32 is divided by 12.
8
What is the remainder when 1295 is divided by 81?
80
What is the remainder when 529 is divided by 119?
53
Calculate the remainder when 127 is divided by 7.
1
Calculate the remainder when 20966 is divided by 8.
6
What is the remainder when 336 is divided by 2?
0
Calculate the remainder when 2397 is divided by 399.
3
Calculate the remainder when 4553 is divided by 46.
45
What is the remainder when 989 is divided by 11?
10
What is the remainder when 21115 is divided by 480?
475
What is the remainder when 152 is divided by 16?
8
What is the remainder when 143 is divided by 7?
3
Calculate the remainder when 436 is divided by 119.
79
What is the remainder when 1647 is divided by 11?
8
What is the remainder when 258 is divided by 33?
27
What is the remainder when 9797 is divided by 41?
39
Calculate the remainder when 134 is divided by 54.
26
What is the remainder when 1109 is divided by 37?
36
What is the remainder when 12446 is divided by 75?
71
Calculate the remainder when 111 is divided by 32.
15
What is the remainder when 14758 is divided by 45?
43
What is the remainder when 1447 is divided by 120?
7
What is the remainder when 237 is divided by 30?
27
What is the remainder when 4 is divided by 3?
1
What is the remainder when 46 is divided by 12?
10
Calculate the remainder when 1553 is divided by 143.
123
What is the remainder when 374 is divided by 63?
59
What is the remainder when 205 is divided by 98?
9
What is the remainder when 111 is divided by 20?
11
What is the remainder when 942 is divided by 12?
6
Calculate the remainder when 82 is divided by 28.
26
What is the remainder when 286 is divided by 83?
37
Calculate the remainder when 207 is divided by 53.
48
What is the remainder when 1010 is divided by 4?
2
What is the remainder when 41234 is divided by 169?
167
Calculate the remainder when 5054 is divided by 1672.
38
What is the remainder when 3398 is divided by 8?
6
Calculate the remainder when 237 is divided by 24.
21
What is the remainder when 147 is divided by 67?
13
Calculate the remainder when 91 is divided by 25.
16
What is the remainder when 175 is divided by 11?
10
What is the remainder when 749 is divided by 13?
8
Calculate the remainder when 242 is divided by 226.
16
What is the remainder when 15 is divided by 10?
5
What is the remainder when 218 is divided by 33?
20
What is the remainder when 2209 is divided by 9?
4
Calculate the remainder when 321 is divided by 17.
15
Calculate the remainder when 19559 is divided by 146.
141
What is the remainder when 363 is divided by 45?
3
Calculate the remainder when 285 is divided by 10.
5
Calculate the remainder when 76 is divided by 16.
12
What is the remainder when 180 is divided by 46?
42
Calculate the remainder when 24269 is divided by 41.
38
Calculate the remainder when 227 is divided by 33.
29
Calculate the remainder when 93 is divided by 62.
31
What is the remainder when 7238 is divided by 20?
18
What is the remainder when 1866 is divided by 265?
11
What is the remainder when 11693 is divided by 136?
133
What is the remainder when 310 is divided by 104?
102
Calculate the remainder when 130 is divided by 60.
10
Calculate the remainder when 47 is divided by 8.
7
What is the remainder when 284 is divided by 73?
65
Calculate the remainder when 7543 is divided by 98.
95
What is the remainder when 6081 is divided by 13?
10
What is the remainder when 26 is divided by 18?
8
What is the remainder when 310 is divided by 136?
38
What is the remainder when 12998 is divided by 8?
6
What is the remainder when 163 is divided by 31?
8
What is the remainder when 432 is divided by 59?
19
Calculate the remainder when 2004 is divided by 994.
16
What is the remainder when 1354 is divided by 655?
44
What is the remainder when 324 is divided by 167?
157
Calculate the remainder when 67 is divided by 10.
7
What is the remainder when 139 is divided by 7?
6
Calculate the remainder when 2521 is divided by 158.
151
What is the remainder when 224 is divided by 107?
10
Calculate the remainder when 313 is divided by 14.
5
What is the remainder when 34 is divided by 19?
15
What is the remainder when 1081 is divided by 333?
82
What is the remainder when 817 is divided by 6?
1
What is the remainder when 101 is divided by 26?
23
What is the remainder when 3845 is divided by 70?
65
Calculate the remainder when 258 is divided by 87.
84
What is the remainder when 117 is divided by 30?
27
What is the remainder when 162 is divided by 17?
9
What is the remainder when 89 is divided by 25?
14
Calculate the remainder when 17 is divided by 17.
0
Calculate the remainder when 195 is divided by 33.
30
What is the remainder when 224 is divided by 75?
74
Calculate the remainder when 67 is divided by 35.
32
Calculate the remainder when 44633 is divided by 43.
42
Calculate the remainder when 629 is divided by 623.
6
Calculate the remainder when 1383 is divided by 82.
71
Calculate the remainder when 880 is divided by 433.
14
Calculate the remainder when 6121 is divided by 679.
10
What is the remainder when 546 is divided by 50?
46
What is the remainder when 130 is divided by 23?
15
Calculate the remainder when 36 is divided by 15.
6
What is the remainder when 146 is divided by 39?
29
Calculate the remainder when 172 is divided by 20.
12
What is the remainder when 525 is divided by 195?
135
Calculate the remainder when 4644 is divided by 155.
149
Calculate the remainder when 297 is divided by 52.
37
What is the remainder when 52 is divided by 11?
8
Calculate the remainder when 82 is divided by 22.
16
What is the remainder when 1459 is divided by 12?
7
Calculate the remainder when 539 is divided by 45.
44
What is the remainder when 7486 is divided by 36?
34
Calculate the remainder when 298 is divided by 80.
58
What is the remainder when 77 is divided by 5?
2
Calculate the remainder when 31 is divided by 5.
1
Calculate the remainder when 4989 is divided by 21.
12
Calculate the remainder when 108 is divided by 15.
3
Calculate the remainder when 225 is divided by 38.
35
What is the remainder when 881 is divided by 42?
41
What is the remainder when 2343 is divided by 131?
116
What is the remainder when 643 is divided by 83?
62
What is the remainder when 381 is divided by 12?
9